 35. Let v(l) = l**3 + 4*l**2 - 11*l + 9. Is v(d) composite?
True
Let m be (4/2)/((-16)/(-24)). Let f(g) = -2*g + m*g + 4 + 3 - 6*g + g**2. Is f(17) prime?
True
Suppose 2343 = 4*w - 5*v, 0 = 3*w + 4*v - 6*v - 1759. Suppose -3*r + 4*r = w. Is r prime?
True
Let g(a) = a**3 + 27*a**2 + 19*a - 5. Suppose -13*n + 52 = -15*n. Is g(n) prime?
False
Let h = -216 - -1055. Is h prime?
True
Let p = 35 - 33. Suppose 0 = -p*u + 5*u - 789. Is u prime?
True
Suppose 0 = -315*k + 327*k - 5916. Is k a composite number?
True
Let b = 98 - 158. Let z = -208 - b. Is (z/(-12))/(2/30) prime?
False
Let a(l) = -l**2 - l. Let y(f) = -34*f**2 + 4*f + 9. Let u(d) = a(d) - y(d). Is u(5) composite?
True
Suppose -5*q + 25 = 5*f, -2*q = 4*f - q - 5. Suppose 5*a - 2*g = 5127, 5*g = 3*a - f*a - 3061. Is a prime?
False
Suppose 15*l - 5708 - 2647 = 0. Is l composite?
False
Let v = 22400 - 11721. Is v a composite number?
True
Is (165/135 - 4/18)*761 prime?
True
Let y(n) be the first derivative of 2*n**3/3 - n**2 + 5*n - 1. Let t be ((-135)/75)/((-1)/(-5)). Is y(t) composite?
True
Let x = -8 - 23. Let d = x + 102. Is d a prime number?
True
Let f be (-24)/16*(-1 + 62/(-6)). Let y = 495 - f. Is y prime?
False
Let z(a) = -3*a**3 + 10 + 7*a + 10*a**2 - 3 + 2*a**3. Is z(8) a prime number?
True
Let n(s) = 2 + 46*s**2 + 194*s**2 + 4*s + 7. Is n(3) prime?
False
Suppose 83*o - 82*o - 18037 = 0. Is o composite?
True
Let r = 52661 + 17400. Is r composite?
False
Let v(z) = -z**3 - z - 3. Let t be v(-10). Suppose -781 = -4*q + t. Is q a composite number?
True
Let u = 296 - 76. Suppose 0 = f - q - 8, -8*f + 11*f = -5*q. Suppose s = f*s - u. Is s a composite number?
True
Suppose 3*s = -7 - 29. Let c(k) = -2*k - 1 - 1 - 11 - 7*k. Is c(s) a prime number?
False
Let n(y) = 416*y**2 - 77*y + 29. Is n(-32) a composite number?
True
Let h(c) = -c**2 + 5*c + 3. Let d be h(5). Suppose -18 + d = -5*t. Suppose 2*i = 0, i + 489 = t*w - 3*i. Is w a composite number?
False
Suppose 9*m - 81263 + 23690 = 0. Is m a composite number?
False
Let a be (-1 - -1)/5 + 3. Suppose 2056 + 1256 = a*y. Suppose 2*r - y = -5*n, 1856 + 931 = 5*r - n. Is r prime?
True
Let r = -13 + 11. Is r - (-5)/(15/2241) prime?
False
Suppose -2*x - 18555 = -5*x. Let g = x - 1932. Is g a prime number?
True
Let g(s) = -269*s**3. Let m be g(-1). Let j = m + 1. Suppose 3*i - 4*i + 5*n = -83, 4*n = -5*i + j. Is i composite?
True
Suppose -147*g - 165125 = -2296772. Is g a prime number?
False
Is (-14)/(-35) - 13329/(-15) a composite number?
True
Let x(y) = 2*y**2 + 3. Let u(v) = v**3 - v**2 + v. Let l be u(2). Suppose -l*f = f + 28. Is x(f) composite?
True
Is 2075 + (-3 - -3 - -6) a prime number?
True
Suppose -2*a + x + 2 = 2*x, -14 = -3*a + 4*x. Suppose q = -a*q + 9. Is q*-158*(-3)/18 composite?
False
Let o(w) = 26*w**3 - 4*w**2 - 5*w + 5. Let h = 5 + -1. Is o(h) composite?
True
Let y be (-33)/(-6) + (-3)/2. Suppose q - i - 260 = 0, i = 4*q + y*i - 1075. Is q prime?
False
Suppose 4753 = -7*x + 48944. Is x prime?
False
Let m(k) = -k**3 - k**2 - 2*k + 2. Let l be m(-2). Suppose 8*f - l*f + 10 = 0. Suppose -5*d - r + 118 = -0*d, -f*d - 4*r = -127. Is d prime?
True
Let x = 1027 - -1852. Is x prime?
True
Is (-6)/16*15072248/(-97) composite?
True
Suppose -2*l - 2*l = -3*a - 114, -a - 88 = -3*l. Is ((-4638)/(-8))/(l/80) a prime number?
False
Let o(n) = 51*n - 4. Let m = 11 - 8. Is o(m) a prime number?
True
Let k be ((-384)/60)/(1/(-5)). Suppose s - k = 153. Is s a prime number?
False
Is 0/(-6) + (5101 - -5) + 5 a prime number?
False
Is ((-363)/(-12)*2)/(5/10) composite?
True
Let c(g) be the first derivative of -9*g**2/2 - g - 1. Suppose f + 11 - 27 = 3*r, 3*r + f = -20. Is c(r) prime?
True
Let z(l) = 303*l - 277. Is z(26) prime?
False
Suppose 5425 + 1380 = 5*l. Suppose -11*d + l = -2918. Is d composite?
False
Let q = 2121 + -622. Is q a composite number?
False
Let s = -5038 + 7133. Suppose -6*y - s + 7429 = 0. Is y a prime number?
False
Let j(f) = -f. Let c = -12 + 9. Let m(o) = -8*o + 6. Let z(w) = c*j(w) - m(w). Is z(7) composite?
False
Let s be (-2)/10 + 1641/5. Suppose 3*p - 413 = 4*y, 2*p - 2*y + 50 - s = 0. Is p a prime number?
False
Is 0 + 29746/7 - 129/301 prime?
False
Suppose 0 = 3*f, 3 - 18 = -5*n + f. Suppose -898 = -5*p + n*p. Is p prime?
True
Suppose 5*v = 4108 + 507. Suppose 4*r - 2241 = v. Is r prime?
False
Suppose 5*b - 26 + 6 = 0. Suppose b*q - 2*q - 194 = 0. Is q a prime number?
True
Let d = -5 - -9. Suppose 0 = -2*i - 11 + 213. Suppose -3*w = -q + w + 22, 3*w = d*q - i. Is q a prime number?
False
Let t(r) be the third derivative of 7*r**4/4 + 29*r**3/6 + 8*r**2. Is t(11) composite?
False
Let f = -25325 + 35884. Is f a composite number?
False
Suppose b = 2*t - 15, 4*b - 9 + 29 = 0. Suppose -4*r = t*f - 5424, 5456 = 4*r - 2*f - f. Is r a prime number?
True
Let o = -5480 - -10606. Let f = -1467 + o. Is f a composite number?
False
Let f(k) = k**2 + 3*k + 2. Let j be f(-3). Suppose -j*a + 5*g + 10 = -273, -4*g + 135 = a. Is a a composite number?
False
Is 239*382/6 + 138/207 a prime number?
True
Let t = -1001 + 3315. Suppose 12440 = 6*f - t. Is f composite?
False
Let s(a) = -21*a - 11. Suppose 4*q = 2*o + 48, -5*q + 0 = -10. Is s(o) composite?
False
Suppose -141*f + 175*f = 624002. Is f a prime number?
True
Let f(h) = 1156*h + 1137. Is f(50) a composite number?
False
Suppose 0 = -4*j - 16, 0 = 3*b + j - 91675 - 34504. Is b a composite number?
False
Let w = 2304 - -2437. Is w prime?
False
Suppose 0 = -c + 2*c - 261. Suppose -348 - c = -3*y. Is y a prime number?
False
Let p(m) = -3*m - 10. Let q be p(-6). Let r(b) = -b**3 + 7*b**2 + 8*b + 2. Let a be r(q). Is 111 - 5 - (2 - a) composite?
True
Let q(f) = f**2 + 7*f + 4. Let x be q(-6). Let p be 0 - x/((-4)/(-6)). Suppose -c + 60 = p*c. Is c prime?
False
Let n = -26 + 23. Let m = n - 0. Is 2/6*m*-79 a composite number?
False
Suppose -r + 392 = -265. Suppose 2*t + m = 582, 2*t - m + 67 = r. Is t a prime number?
True
Suppose 5*u - 2094 = 7*u. Let x = u - -1810. Is x composite?
True
Suppose 0 = -3*y + 5*y + v + 270, -2*v = -y - 135. Let k be ((-6)/(-15))/((-3)/y). Is 67634/126 - (-4)/k a composite number?
True
Suppose -5*q + 5 = -4*q. Suppose -4*w = 4*i - 788, q*w - 3 = 4*w. Suppose 3*a - i - 67 = 0. Is a a prime number?
False
Suppose 11*b - 11660 = -9*b. Is b prime?
False
Suppose -s + 2*w + 1559 = 92, 7317 = 5*s - w. Suppose 0*n = 11*n - s. Is n a composite number?
True
Let v = 14170 - -894. Let n be v/(-6) + 6/9. Is (n/(-20))/((-2)/(-4)) a prime number?
True
Let v be 2/5 + (-33984)/(-40). Suppose 59 - v = -y. Is y a prime number?
False
Let o(t) = -6*t. Let j be o(-1). Let p be 28/j - (-4)/(-6). Is (16/4)/p*163 a prime number?
True
Let v = 14 + -14. Suppose -4*k + v*k + 12 = 0. Suppose k*z - z - 498 = 0. Is z composite?
True
Suppose -2*c + 36935 = 5*b, -2*b - c + 3*c + 14774 = 0. Is b a prime number?
False
Let t = 3205 - 1394. Is t prime?
True
Suppose -4*u + 10907 = 5*t, -t + 1968 = -5*u - 225. Is t a prime number?
False
Suppose -4*k = -101*z + 97*z + 60744, z - 5*k - 15190 = 0. Is z a prime number?
False
Let p(l) = -l - 1. Let r(o) = -3*o - 1. Let q(c) = -2*p(c) + r(c). Let a be q(-3). Is a/(-22) + (-123)/(-11) a prime number?
True
Suppose 0 = -14*o + 26777 - 5259. Is o composite?
True
Let i(s) = 4*s**2 - 3*s + 667. Let q(h) = 2*h**2 - h + 333. Let m be (-2)/12 + 186/36. Let k(r) = m*q(r) - 2*i(r). Is k(0) prime?
True
Let t = -4064 - -8975. Suppose 3*u + 0*u - t = 0. Is u composite?
False
Let r(n) = -33*n + 34. Let v be r(-17). Suppose 3*x - 2*g = 22, -2*x = -5*x + 4*g + 32. Suppose j = -x*j + v. Is j a prime number?
False
Suppose 2*q = -t + 2119, -t - 4237 = -3*t - 3*q. Is t a prime number?
False
Let t(j) = 3*j + 9. Let n be t(-5). Is n/(-27) + 2397/27 composite?
False
Let q be (3 - -1) + 0 + -1. Suppose 2*z = z + q, -3*z = 5*n - 1664. Is n prime?
True
Suppose -g + 2 = -d, 4*d + 6*g - 27 = 3*g. Suppose 5*j = -5*q + 2050, -d*q + 7*j + 1224 = 8*j. Is q a composite number?
True
Let l(p) = -5463*p + 556. Is l(-7) prime?
False
Let x(c) = 28 - 10*c**2 - 4*c + 12*c**2 - 5. Is x(6) a composite number?
False
Suppose -t - 4*g + 0*g = -1902, g = -4*t + 7533. Suppose t = 2*w + 4*o, 893 + 1954 = 3*w - 2*o. Is w a composite number?
False
Let y = -122 + 127. Suppose 3*n + 2426 = y*n. Is n a prime number?
Tru